of 102131?
41, 47, 53
List the prime factors of 3045571.
1319, 2309
What are the prime factors of 534431?
534431
What are the prime factors of 22787763?
3, 1427, 5323
List the prime factors of 108929.
108929
What are the prime factors of 21845119?
17, 863, 1489
What are the prime factors of 254651?
41, 6211
List the prime factors of 16769576.
2, 23, 91139
What are the prime factors of 540856?
2, 67607
What are the prime factors of 173129?
11, 15739
List the prime factors of 8483503.
7, 509, 2381
What are the prime factors of 5913088?
2, 11549
List the prime factors of 2416999.
13, 185923
What are the prime factors of 250676?
2, 29, 2161
List the prime factors of 544972.
2, 41, 3323
List the prime factors of 14753.
14753
List the prime factors of 7379406.
2, 3, 409967
List the prime factors of 31218.
2, 3, 11, 43
What are the prime factors of 110146?
2, 55073
List the prime factors of 387070.
2, 5, 38707
List the prime factors of 1534589.
7, 41, 5347
List the prime factors of 2483974.
2, 1241987
What are the prime factors of 453981?
3, 11, 13757
What are the prime factors of 101892?
2, 3, 7, 1213
What are the prime factors of 5891142?
2, 3, 113, 8689
What are the prime factors of 11276885?
5, 1291, 1747
List the prime factors of 1199645.
5, 239929
What are the prime factors of 530046?
2, 3, 11, 2677
What are the prime factors of 504242?
2, 53, 67, 71
List the prime factors of 5133729.
3, 101, 16943
What are the prime factors of 271280?
2, 5, 3391
List the prime factors of 8447100.
2, 3, 5, 37, 761
List the prime factors of 8566397.
7, 19, 29, 2221
What are the prime factors of 5422251?
3, 139, 13003
List the prime factors of 1174750.
2, 5, 37, 127
What are the prime factors of 496750?
2, 5, 1987
What are the prime factors of 433335?
3, 5, 7, 4127
What are the prime factors of 784443?
3, 11, 2161
List the prime factors of 217302.
2, 3, 36217
List the prime factors of 214393.
269, 797
List the prime factors of 222147.
3, 24683
List the prime factors of 585284.
2, 7, 20903
What are the prime factors of 37504?
2, 293
What are the prime factors of 473008?
2, 17, 37, 47
List the prime factors of 2311403.
307, 7529
What are the prime factors of 411779?
411779
What are the prime factors of 2699594?
2, 37, 191
List the prime factors of 91930.
2, 5, 29, 317
List the prime factors of 4728359.
19, 248861
What are the prime factors of 1434143?
1434143
List the prime factors of 98995.
5, 13, 1523
What are the prime factors of 1325068?
2, 29, 11423
What are the prime factors of 520958?
2, 101, 2579
List the prime factors of 2462908.
2, 7, 87961
What are the prime factors of 467660?
2, 5, 67, 349
List the prime factors of 201880.
2, 5, 7, 103
List the prime factors of 6994380.
2, 3, 5, 43, 2711
What are the prime factors of 13206627?
3, 7, 29947
What are the prime factors of 192601?
192601
What are the prime factors of 14265497?
23, 620239
What are the prime factors of 6870820?
2, 5, 11, 31231
List the prime factors of 902593.
157, 5749
What are the prime factors of 197302?
2, 7, 17, 829
What are the prime factors of 12768?
2, 3, 7, 19
List the prime factors of 1417299.
3, 13, 36341
What are the prime factors of 3171168?
2, 3, 7, 11, 13
List the prime factors of 725943.
3, 241981
What are the prime factors of 1301993?
7, 11, 37, 457
What are the prime factors of 286854?
2, 3, 47809
List the prime factors of 407597.
43, 9479
What are the prime factors of 665888?
2, 20809
List the prime factors of 3431922.
2, 3, 13, 23, 1913
List the prime factors of 861542.
2, 11, 39161
What are the prime factors of 413300?
2, 5, 4133
What are the prime factors of 4687401?
3, 229, 6823
List the prime factors of 1154909.
7, 164987
List the prime factors of 15326734.
2, 7663367
List the prime factors of 3451698.
2, 3, 113, 1697
What are the prime factors of 6571957?
7, 61, 15391
What are the prime factors of 105597?
3, 3911
What are the prime factors of 347808?
2, 3, 3623
What are the prime factors of 311060?
2, 5, 103, 151
List the prime factors of 761465.
5, 152293
What are the prime factors of 4033052?
2, 1008263
What are the prime factors of 5561424?
2, 3, 11, 3511
What are the prime factors of 449821?
449821
List the prime factors of 47743.
47743
What are the prime factors of 624403?
13, 43, 1117
List the prime factors of 5274907.
11, 73, 6569
What are the prime factors of 826085?
5, 13, 71, 179
What are the prime factors of 57139?
57139
What are the prime factors of 197713?
197713
List the prime factors of 6863285.
5, 11, 13, 29, 331
What are the prime factors of 9722063?
13, 57527
List the prime factors of 1284849.
3, 23, 2069
What are the prime factors of 14249027?
13, 1096079
List the prime factors of 11889551.
23, 599, 863
List the prime factors of 796967.
796967
What are the prime factors of 658422?
2, 3, 89, 137
What are the prime factors of 370218?
2, 3, 61703
List the prime factors of 93659.
73, 1283
List the prime factors of 3195256.
2, 307, 1301
List the prime factors of 1048689.
3, 109, 1069
What are the prime factors of 1463478?
2, 3, 149, 1637
What are the prime factors of 307468?
2, 7, 79, 139
What are the prime factors of 208031?
19, 10949
What are the prime factors of 10990318?
2, 5495159
List the prime factors of 2758540.
2, 5, 137927
List the prime factors of 16645398.
2, 3, 7, 11, 5147
List the prime factors of 727390.
2, 5, 72739
What are the prime factors of 592369?
592369
List the prime factors of 2757729.
3, 13, 31, 2281
List the prime factors of 11210460.
2, 3, 5, 186841
List the prime factors of 11139223.
11139223
List the prime factors of 323107.
97, 3331
What are the prime factors of 5786060?
2, 5, 7, 37, 1117
What are the prime factors of 260399?
260399
What are the prime factors of 636562?
2, 318281
What are the prime factors of 11097?
3, 137
List the prime factors of 256165.
5, 7, 13, 563
List the prime factors of 2493611.
17, 146683
What are the prime factors of 8252585?
5, 11, 227, 661
What are the prime factors of 344248?
2, 37, 1163
List the prime factors of 3461707.
23, 59, 2551
List the prime factors of 371256.
2, 3, 31, 499
List the prime factors of 15203651.
59, 257689
What are the prime factors of 14805599?
113, 131023
What are the prime factors of 3013510?
2, 5, 31, 9721
What are the prime factors of 103855?
5, 20771
List the prime factors of 313241.
313241
What are the prime factors of 942887?
11, 85717
What are the prime factors of 1054518?
2, 3, 175753
List the prime factors of 1475338.
2, 37, 19937
What are the prime factors of 72312?
2, 3, 23, 131
What are the prime factors of 9745517?
1151, 8467
What are the prime factors of 21836929?
4673
What are the prime factors of 786089?
193, 4073
List the prime factors of 166863.
3, 55621
What are the prime factors of 1157658?
2, 3, 61, 3163
What are the prime factors of 68521?
68521
List the prime factors of 14078840.
2, 5, 351971
What are the prime factors of 256200?
2, 3, 5, 7, 61
List the prime factors of 940460.
2, 5, 59, 797
What are the prime factors of 6293046?
2, 3, 929, 1129
What are the prime factors of 147979?
13, 11383
What are the prime factors of 26591824?
2, 7, 233, 1019
List the prime factors of 128301.
3, 42767
List the prime factors of 3045607.
103, 29569
What are the prime factors of 6155970?
2, 3, 5, 157, 1307
List the prime factors of 33695.
5, 23, 293
What are the prime factors of 6177483?
3, 13, 37, 1427
List the prime factors of 345921.
3, 67, 1721
What are the prime factors of 893916?
2, 3, 31, 89
What are the prime factors of 56930?
2, 5, 5693
What are the prime factors of 5728034?
2, 13, 151, 1459
List the prime factors of 611536.
2, 37, 1033
What are the prime factors of 13999952?
2, 857, 1021
What are the prime factors of 187215?
3, 5, 7, 1783
List the prime factors of 16676070.
2, 3, 5, 47, 11827
List the prime factors of 6665255.
5, 193, 6907
List the prime factors of 2162694.
2, 3, 19, 61, 311
List the prime factors of 638913.
3, 11, 19, 1019
List the prime factors of 16099.
17, 947
List the prime factors of 13577652.
2, 3, 11, 1039
List the prime factors of 714186.
2, 3, 11, 3607
List the prime factors of 72221.
72221
List the prime factors of 7571926.
2, 3785963
List the prime factors of 2053772.
2, 7, 41, 1789
What are the prime factors of 3462686?